{"id":12,"date":"2020-08-05T01:32:22","date_gmt":"2020-08-05T04:32:22","guid":{"rendered":"http:\/\/wp.apeffa.com\/?page_id=12"},"modified":"2020-08-05T01:32:22","modified_gmt":"2020-08-05T04:32:22","slug":"mision-vision-y-valores","status":"publish","type":"page","link":"https:\/\/www.apeffa.com\/?page_id=12","title":{"rendered":"Misi\u00f3n, Visi\u00f3n y Valores"},"content":{"rendered":"\n<h2>Misi\u00f3n<\/h2>\n\n\n\n<p><em>Entenderemos por Misi\u00f3n, a aquel compromiso, proyecto, tarea, desarrollo y funci\u00f3n que encaminamos, estructuramos y organizamos desde la instituci\u00f3n para concretar nuestra Visi\u00f3n.<\/em><\/p>\n\n\n\n<p>Definimos como MISI\u00d3N a: La formaci\u00f3n, promoci\u00f3n, capacitaci\u00f3n, actualizaci\u00f3n, gesti\u00f3n e integraci\u00f3n con los docentes de Educaci\u00f3n F\u00edsica y afines vinculados al trabajo en el f\u00fatbol con el objeto de abordar y encontrar soluciones a tem\u00e1ticas, posibilidades y problem\u00e1ticas relacionadas con su \u00e1mbito laboral-profesional.<\/p>\n\n\n\n<h2>Visi\u00f3n<\/h2>\n\n\n\n<p><em>Entendemos como VISI\u00d3N a aquella mirada superadora, hol\u00edstica, integradora que direcciona, organiza y orienta al desarrollo de la instituci\u00f3n como de sus componentes, sostenida por el cumplimiento de su MISI\u00d3N.<\/em><\/p>\n\n\n\n<p>Ser un modelo de referencia nacional e internacional en referencia a la formaci\u00f3n, actualizaci\u00f3n y perfeccionamiento acad\u00e9mico-profesional-docente de Profesores de Educaci\u00f3n f\u00edsica y afines orientados a la Preparaci\u00f3n F\u00edsica del f\u00fatbol, bajo criterios y metodolog\u00edas de excelencia e innovaci\u00f3n.<\/p>\n\n\n\n<h2>Valores<\/h2>\n\n\n\n<p><em>Toda Instituci\u00f3n, establecimiento, organizaci\u00f3n y\/o corporaci\u00f3n no tendr\u00e1 raz\u00f3n de ser si no es acompa\u00f1ada por determinados elementos de caracter\u00edsticas \u201cIntangibles\u201d, pero que cuya consideraci\u00f3n permita sentar bases s\u00f3lidas y fundacionales para la concreci\u00f3n de sus objetivos, como as\u00ed tambi\u00e9n el comportamiento de sus integrantes.<\/em><\/p>\n\n\n\n<p>Los valores son aquellos elementos que consolidar\u00e1n y potenciar\u00e1n el accionar en todo momento, permitiendo otorgar a la tarea un valor agregado dif\u00edcil de manipular, costoso de adquirir y dificultoso de hallar. Por esto y mucho mas, se detallan a continuaci\u00f3n aquellos valores que se consideran y contemplan para vuestra labor. Ellos son:<\/p>\n\n\n\n<p><strong>+ Honestidad:<\/strong>&nbsp;La sinceridad y autenticidad en toda nuestra labor.<br><strong>+ Compromiso:<\/strong>&nbsp;Convencidos de nuestro potencial se dedica a cada paso una total entrega y dedicaci\u00f3n.<br><strong>+ Perseverancia:<\/strong>&nbsp;Entendi\u00e9ndola como el arte de \u201cContinuar a pesar de las circunstancias\u201d, pero con Reflexi\u00f3n y Aprendizaje.<br><strong>+ Profesionalismo:<\/strong>&nbsp;Capacitaci\u00f3n e idoneidad en el tema, nos ponemos en marcha con el conocimiento al servicio.<br><strong>+ Responsabilidad Social:<\/strong>&nbsp;Comprometidos con nuestro entorno. Trabajamos para ellos.<br><strong>+ Inclusi\u00f3n:<\/strong>&nbsp;Present\u00e1ndonos abiertos y dispuestos a la integraci\u00f3n de m\u00faltiples actores y disciplinas.<\/p>\n\n\n\n<p>Lograr comprender la magnitud de vuestra mirada, implica conocer aun mas su potencial y alcance en el desarrollo del accionar planteado, para esto la b\u00fasqueda constante de los siguientes caracterizaran y acompa\u00f1aran las propuestas.<br><strong>Perfeccionamiento:<\/strong>&nbsp;Propiciando espacios y abordajes de evoluci\u00f3n constante.<br><strong>Especializaci\u00f3n:<\/strong>&nbsp;Asegurando acciones y ejes tem\u00e1ticos en relaci\u00f3n directa y estrecha con la actividad convocante.<br><strong>Idoneidad:<\/strong>&nbsp;Contando con personal calificado, reconocido y de alta experiencia en el campo profesional.<br><strong>Tecnificaci\u00f3n:<\/strong>&nbsp;En la utilizaci\u00f3n de recursos al servicio de vuestro accionar.<\/p>\n","protected":false},"excerpt":{"rendered":"<p>Misi\u00f3n Entenderemos por Misi\u00f3n, a aquel compromiso, proyecto, tarea, desarrollo y funci\u00f3n que encaminamos, estructuramos y organizamos desde la instituci\u00f3n para concretar nuestra Visi\u00f3n. Definimos como MISI\u00d3N a: La formaci\u00f3n, promoci\u00f3n, capacitaci\u00f3n, actualizaci\u00f3n, gesti\u00f3n e integraci\u00f3n con los docentes de Educaci\u00f3n F\u00edsica y afines vinculados al trabajo en el f\u00fatbol con el objeto de abordar [&hellip;]<\/p>\n","protected":false},"author":1,"featured_media":0,"parent":0,"menu_order":0,"comment_status":"closed","ping_status":"closed","template":"","meta":[],"acf":[],"_links":{"self":[{"href":"https:\/\/www.apeffa.com\/index.php?rest_route=\/wp\/v2\/pages\/12"}],"collection":[{"href":"https:\/\/www.apeffa.com\/index.php?rest_route=\/wp\/v2\/pages"}],"about":[{"href":"https:\/\/www.apeffa.com\/index.php?rest_route=\/wp\/v2\/types\/page"}],"author":[{"embeddable":true,"href":"https:\/\/www.apeffa.com\/index.php?rest_route=\/wp\/v2\/users\/1"}],"replies":[{"embeddable":true,"href":"https:\/\/www.apeffa.com\/index.php?rest_route=%2Fwp%2Fv2%2Fcomments&post=12"}],"version-history":[{"count":0,"href":"https:\/\/www.apeffa.com\/index.php?rest_route=\/wp\/v2\/pages\/12\/revisions"}],"wp:attachment":[{"href":"https:\/\/www.apeffa.com\/index.php?rest_route=%2Fwp%2Fv2%2Fmedia&parent=12"}],"curies":[{"name":"wp","href":"https:\/\/api.w.org\/{rel}","templated":true}]}}

Misión, Visión y Valores

<h2>Misión</h2>



<p><em>Entenderemos por Misión, a aquel compromiso, proyecto, tarea, desarrollo y función que encaminamos, estructuramos y organizamos desde la institución para concretar nuestra Visión.</em></p>



<p>Definimos como MISIÓN a: La formación, promoción, capacitación, actualización, gestión e integración con los docentes de Educación Física y afines vinculados al trabajo en el fútbol con el objeto de abordar y encontrar soluciones a temáticas, posibilidades y problemáticas relacionadas con su ámbito laboral-profesional.</p>



<h2>Visión</h2>



<p><em>Entendemos como VISIÓN a aquella mirada superadora, holística, integradora que direcciona, organiza y orienta al desarrollo de la institución como de sus componentes, sostenida por el cumplimiento de su MISIÓN.</em></p>



<p>Ser un modelo de referencia nacional e internacional en referencia a la formación, actualización y perfeccionamiento académico-profesional-docente de Profesores de Educación física y afines orientados a la Preparación Física del fútbol, bajo criterios y metodologías de excelencia e innovación.</p>



<h2>Valores</h2>



<p><em>Toda Institución, establecimiento, organización y/o corporación no tendrá razón de ser si no es acompañada por determinados elementos de características “Intangibles”, pero que cuya consideración permita sentar bases sólidas y fundacionales para la concreción de sus objetivos, como así también el comportamiento de sus integrantes.</em></p>



<p>Los valores son aquellos elementos que consolidarán y potenciarán el accionar en todo momento, permitiendo otorgar a la tarea un valor agregado difícil de manipular, costoso de adquirir y dificultoso de hallar. Por esto y mucho mas, se detallan a continuación aquellos valores que se consideran y contemplan para vuestra labor. Ellos son:</p>



<p><strong>+ Honestidad:</strong>&nbsp;La sinceridad y autenticidad en toda nuestra labor.<br><strong>+ Compromiso:</strong>&nbsp;Convencidos de nuestro potencial se dedica a cada paso una total entrega y dedicación.<br><strong>+ Perseverancia:</strong>&nbsp;Entendiéndola como el arte de “Continuar a pesar de las circunstancias”, pero con Reflexión y Aprendizaje.<br><strong>+ Profesionalismo:</strong>&nbsp;Capacitación e idoneidad en el tema, nos ponemos en marcha con el conocimiento al servicio.<br><strong>+ Responsabilidad Social:</strong>&nbsp;Comprometidos con nuestro entorno. Trabajamos para ellos.<br><strong>+ Inclusión:</strong>&nbsp;Presentándonos abiertos y dispuestos a la integración de múltiples actores y disciplinas.</p>



<p>Lograr comprender la magnitud de vuestra mirada, implica conocer aun mas su potencial y alcance en el desarrollo del accionar planteado, para esto la búsqueda constante de los siguientes caracterizaran y acompañaran las propuestas.<br><strong>Perfeccionamiento:</strong>&nbsp;Propiciando espacios y abordajes de evolución constante.<br><strong>Especialización:</strong>&nbsp;Asegurando acciones y ejes temáticos en relación directa y estrecha con la actividad convocante.<br><strong>Idoneidad:</strong>&nbsp;Contando con personal calificado, reconocido y de alta experiencia en el campo profesional.<br><strong>Tecnificación:</strong>&nbsp;En la utilización de recursos al servicio de vuestro accionar.</p>

<p>Misión Entenderemos por Misión, a aquel compromiso, proyecto, tarea, desarrollo y función que encaminamos, estructuramos y organizamos desde la institución para concretar nuestra Visión. Definimos como MISIÓN a: La formación, promoción, capacitación, actualización, gestión e integración con los docentes de Educación Física y afines vinculados al trabajo en el fútbol con el objeto de abordar [&hellip;]</p>
