{"id":31,"date":"2020-08-05T01:49:33","date_gmt":"2020-08-05T04:49:33","guid":{"rendered":"http:\/\/wp.apeffa.com\/?page_id=31"},"modified":"2020-08-05T01:49:33","modified_gmt":"2020-08-05T04:49:33","slug":"apeffallegaavos","status":"publish","type":"page","link":"https:\/\/www.apeffa.com\/?page_id=31","title":{"rendered":"#Apeffallegaavos"},"content":{"rendered":"\n<h2>Introducci\u00f3n<\/h2>\n\n\n\n<p><strong>#Apeffallegaavos<\/strong>, es el programa de capacitaci\u00f3n de la Asociaci\u00f3n, que busca poder acercarse a diversas localidades, regiones, ciudades con el fin de lograr desarrollar su plan de formaci\u00f3n.<\/p>\n\n\n\n<p>A lo largo del tiempo, dentro vuestra casa de estudio, hemos mutado y transformado diversas propuestas, modalidades, alternativas, formatos y alcances para brindar nuestra mejor versi\u00f3n educativa. Las necesidades y posibilidades fueron cambiando, los requerimientos de los afiliados tambi\u00e9n.<\/p>\n\n\n\n<p>Numerosos fueron los espacios de solicitud que pidieron poder acortar distancias, es as\u00ed como\u00a0<strong>#Apeffallegaavos<\/strong>, toma fuerza y nace producto de esta demanda.<\/p>\n\n\n\n<div class=\"wp-block-jetpack-tiled-gallery aligncenter is-style-rectangular\"><div class=\"tiled-gallery__gallery\"><div class=\"tiled-gallery__row\"><div class=\"tiled-gallery__col\" style=\"flex-basis:50%\"><figure class=\"tiled-gallery__item\"><img decoding=\"async\" alt=\"\" data-height=\"180\" data-id=\"32\" data-link=\"https:\/\/wp.apeffa.com\/?attachment_id=32\" data-url=\"https:\/\/wp.apeffa.com\/wp-content\/uploads\/2020\/08\/apeffallegaavos2_thumb.6892f19b.jpg\" data-width=\"300\" src=\"https:\/\/i0.wp.com\/wp.apeffa.com\/wp-content\/uploads\/2020\/08\/apeffallegaavos2_thumb.6892f19b.jpg\" layout=\"responsive\"\/><\/figure><\/div><div class=\"tiled-gallery__col\" style=\"flex-basis:50%\"><figure class=\"tiled-gallery__item\"><img decoding=\"async\" alt=\"\" data-height=\"180\" data-id=\"33\" data-link=\"https:\/\/wp.apeffa.com\/?attachment_id=33\" data-url=\"https:\/\/wp.apeffa.com\/wp-content\/uploads\/2020\/08\/apeffallegaavos1_thumb.004e4854.jpg\" data-width=\"300\" src=\"https:\/\/i2.wp.com\/wp.apeffa.com\/wp-content\/uploads\/2020\/08\/apeffallegaavos1_thumb.004e4854.jpg\" layout=\"responsive\"\/><\/figure><\/div><\/div><\/div><\/div>\n\n\n\n<h2>\u00bfEN QU\u00c9 CONSISTE EL PROGRAMA?<\/h2>\n\n\n\n<p>El mencionado tiene la misma finalidad que el formato presencial y semi-presencial, que es el de FORMAR, CAPACITAR, ACTUALIZAR, PERFECCIONAR, pero a diferencia de los mismos, con el programa #Apeffallegaavos, la Asociaci\u00f3n, moviliza su cuerpo docente a las localidades, regiones y\/o ciudades que soliciten este espacio.<\/p>\n\n\n\n<h2>\u00bfQU\u00c9 TEM\u00c1TICAS TRATA EL PROGRAMA?<\/h2>\n\n\n\n<p>#Apeffallegaavos ha creado y desarrollado m\u00f3dulos de capacitaci\u00f3n de forma pre-establecida, los cuales son altamente aceptados en las regiones a las que la Asociaci\u00f3n ha viajado.<\/p>\n\n\n\n<p>Se han registrado solicitudes muy espec\u00edficas con tem\u00e1ticas muy puntuales para profesionales y grupo de ellos con necesidades especiales. Es aqu\u00ed en donde la Asociaci\u00f3n, confecciona el programa acorde a las necesidades y pedidos junto a un calificado cuerpo docente con experiencia y recorrido en la actividad para el abordaje tem\u00e1tico del mismo.<\/p>\n\n\n\n<div class=\"wp-block-jetpack-tiled-gallery aligncenter is-style-rectangular\"><div class=\"tiled-gallery__gallery\"><div class=\"tiled-gallery__row\"><div class=\"tiled-gallery__col\" style=\"flex-basis:33.33333333333333%\"><figure class=\"tiled-gallery__item\"><img decoding=\"async\" alt=\"\" data-height=\"180\" data-id=\"34\" data-link=\"https:\/\/wp.apeffa.com\/?attachment_id=34\" data-url=\"https:\/\/wp.apeffa.com\/wp-content\/uploads\/2020\/08\/apeffallegaavos6_thumb.7c34ab81.jpg\" data-width=\"300\" src=\"https:\/\/i2.wp.com\/wp.apeffa.com\/wp-content\/uploads\/2020\/08\/apeffallegaavos6_thumb.7c34ab81.jpg\" layout=\"responsive\"\/><\/figure><\/div><div class=\"tiled-gallery__col\" style=\"flex-basis:33.33333333333333%\"><figure class=\"tiled-gallery__item\"><img decoding=\"async\" alt=\"\" data-height=\"180\" data-id=\"35\" data-link=\"https:\/\/wp.apeffa.com\/?attachment_id=35\" data-url=\"https:\/\/wp.apeffa.com\/wp-content\/uploads\/2020\/08\/apeffallegaavos5_thumb.6eb78c87.jpg\" data-width=\"300\" src=\"https:\/\/i0.wp.com\/wp.apeffa.com\/wp-content\/uploads\/2020\/08\/apeffallegaavos5_thumb.6eb78c87.jpg\" layout=\"responsive\"\/><\/figure><\/div><div class=\"tiled-gallery__col\" style=\"flex-basis:33.33333333333333%\"><figure class=\"tiled-gallery__item\"><img decoding=\"async\" alt=\"\" data-height=\"180\" data-id=\"36\" data-link=\"https:\/\/wp.apeffa.com\/?attachment_id=36\" data-url=\"https:\/\/wp.apeffa.com\/wp-content\/uploads\/2020\/08\/apeffallegaavos4_thumb.04f2daca.jpg\" data-width=\"300\" src=\"https:\/\/i2.wp.com\/wp.apeffa.com\/wp-content\/uploads\/2020\/08\/apeffallegaavos4_thumb.04f2daca.jpg\" layout=\"responsive\"\/><\/figure><\/div><\/div><\/div><\/div>\n\n\n\n<p><strong>Los ejes rectores con los que el programa se desarrolla se embuclan y vinculan con tem\u00e1ticas como las siguientes:<\/strong><\/p>\n\n\n\n<ul><li>La Preparaci\u00f3n condicional del futbolista en todas sus edades.<\/li><li>Tratamiento de las Capacidades Motoras.<\/li><li>Posibilidades, limitantes, contenidos, prop\u00f3sitos y objetivos de trabajo con diversos grupos etarios. (ni\u00f1os, j\u00f3venes, adultos).<\/li><li>Desarrollos metodol\u00f3gicos de los diversos fundamentos.<\/li><li>An\u00e1lisis sobre tem\u00e1ticas vinculadas a variados y vigentes formatos-recursos para el entrenamiento.<\/li><li>Trabajo inter-disciplinario.<\/li><\/ul>\n","protected":false},"excerpt":{"rendered":"<p>Introducci\u00f3n #Apeffallegaavos, es el programa de capacitaci\u00f3n de la Asociaci\u00f3n, que busca poder acercarse a diversas localidades, regiones, ciudades con el fin de lograr desarrollar su plan de formaci\u00f3n. A lo largo del tiempo, dentro vuestra casa de estudio, hemos mutado y transformado diversas propuestas, modalidades, alternativas, formatos y alcances para brindar nuestra mejor versi\u00f3n [&hellip;]<\/p>\n","protected":false},"author":1,"featured_media":0,"parent":0,"menu_order":0,"comment_status":"closed","ping_status":"closed","template":"","meta":[],"acf":[],"_links":{"self":[{"href":"https:\/\/www.apeffa.com\/index.php?rest_route=\/wp\/v2\/pages\/31"}],"collection":[{"href":"https:\/\/www.apeffa.com\/index.php?rest_route=\/wp\/v2\/pages"}],"about":[{"href":"https:\/\/www.apeffa.com\/index.php?rest_route=\/wp\/v2\/types\/page"}],"author":[{"embeddable":true,"href":"https:\/\/www.apeffa.com\/index.php?rest_route=\/wp\/v2\/users\/1"}],"replies":[{"embeddable":true,"href":"https:\/\/www.apeffa.com\/index.php?rest_route=%2Fwp%2Fv2%2Fcomments&post=31"}],"version-history":[{"count":0,"href":"https:\/\/www.apeffa.com\/index.php?rest_route=\/wp\/v2\/pages\/31\/revisions"}],"wp:attachment":[{"href":"https:\/\/www.apeffa.com\/index.php?rest_route=%2Fwp%2Fv2%2Fmedia&parent=31"}],"curies":[{"name":"wp","href":"https:\/\/api.w.org\/{rel}","templated":true}]}}

<h2>Introducción</h2>



<p><strong>#Apeffallegaavos</strong>, es el programa de capacitación de la Asociación, que busca poder acercarse a diversas localidades, regiones, ciudades con el fin de lograr desarrollar su plan de formación.</p>



<p>A lo largo del tiempo, dentro vuestra casa de estudio, hemos mutado y transformado diversas propuestas, modalidades, alternativas, formatos y alcances para brindar nuestra mejor versión educativa. Las necesidades y posibilidades fueron cambiando, los requerimientos de los afiliados también.</p>



<p>Numerosos fueron los espacios de solicitud que pidieron poder acortar distancias, es así como <strong>#Apeffallegaavos</strong>, toma fuerza y nace producto de esta demanda.</p>



<div class="wp-block-jetpack-tiled-gallery aligncenter is-style-rectangular"><div class="tiled-gallery__gallery"><div class="tiled-gallery__row"><div class="tiled-gallery__col" style="flex-basis:50%"><figure class="tiled-gallery__item"><img decoding="async" alt="" data-height="180" data-id="32" data-link="https://wp.apeffa.com/?attachment_id=32" data-url="https://wp.apeffa.com/wp-content/uploads/2020/08/apeffallegaavos2_thumb.6892f19b.jpg" data-width="300" src="https://i0.wp.com/wp.apeffa.com/wp-content/uploads/2020/08/apeffallegaavos2_thumb.6892f19b.jpg" layout="responsive"/></figure></div><div class="tiled-gallery__col" style="flex-basis:50%"><figure class="tiled-gallery__item"><img decoding="async" alt="" data-height="180" data-id="33" data-link="https://wp.apeffa.com/?attachment_id=33" data-url="https://wp.apeffa.com/wp-content/uploads/2020/08/apeffallegaavos1_thumb.004e4854.jpg" data-width="300" src="https://i2.wp.com/wp.apeffa.com/wp-content/uploads/2020/08/apeffallegaavos1_thumb.004e4854.jpg" layout="responsive"/></figure></div></div></div></div>



<h2>¿EN QUÉ CONSISTE EL PROGRAMA?</h2>



<p>El mencionado tiene la misma finalidad que el formato presencial y semi-presencial, que es el de FORMAR, CAPACITAR, ACTUALIZAR, PERFECCIONAR, pero a diferencia de los mismos, con el programa #Apeffallegaavos, la Asociación, moviliza su cuerpo docente a las localidades, regiones y/o ciudades que soliciten este espacio.</p>



<h2>¿QUÉ TEMÁTICAS TRATA EL PROGRAMA?</h2>



<p>#Apeffallegaavos ha creado y desarrollado módulos de capacitación de forma pre-establecida, los cuales son altamente aceptados en las regiones a las que la Asociación ha viajado.</p>



<p>Se han registrado solicitudes muy específicas con temáticas muy puntuales para profesionales y grupo de ellos con necesidades especiales. Es aquí en donde la Asociación, confecciona el programa acorde a las necesidades y pedidos junto a un calificado cuerpo docente con experiencia y recorrido en la actividad para el abordaje temático del mismo.</p>



<div class="wp-block-jetpack-tiled-gallery aligncenter is-style-rectangular"><div class="tiled-gallery__gallery"><div class="tiled-gallery__row"><div class="tiled-gallery__col" style="flex-basis:33.33333333333333%"><figure class="tiled-gallery__item"><img decoding="async" alt="" data-height="180" data-id="34" data-link="https://wp.apeffa.com/?attachment_id=34" data-url="https://wp.apeffa.com/wp-content/uploads/2020/08/apeffallegaavos6_thumb.7c34ab81.jpg" data-width="300" src="https://i2.wp.com/wp.apeffa.com/wp-content/uploads/2020/08/apeffallegaavos6_thumb.7c34ab81.jpg" layout="responsive"/></figure></div><div class="tiled-gallery__col" style="flex-basis:33.33333333333333%"><figure class="tiled-gallery__item"><img decoding="async" alt="" data-height="180" data-id="35" data-link="https://wp.apeffa.com/?attachment_id=35" data-url="https://wp.apeffa.com/wp-content/uploads/2020/08/apeffallegaavos5_thumb.6eb78c87.jpg" data-width="300" src="https://i0.wp.com/wp.apeffa.com/wp-content/uploads/2020/08/apeffallegaavos5_thumb.6eb78c87.jpg" layout="responsive"/></figure></div><div class="tiled-gallery__col" style="flex-basis:33.33333333333333%"><figure class="tiled-gallery__item"><img decoding="async" alt="" data-height="180" data-id="36" data-link="https://wp.apeffa.com/?attachment_id=36" data-url="https://wp.apeffa.com/wp-content/uploads/2020/08/apeffallegaavos4_thumb.04f2daca.jpg" data-width="300" src="https://i2.wp.com/wp.apeffa.com/wp-content/uploads/2020/08/apeffallegaavos4_thumb.04f2daca.jpg" layout="responsive"/></figure></div></div></div></div>



<p><strong>Los ejes rectores con los que el programa se desarrolla se embuclan y vinculan con temáticas como las siguientes:</strong></p>



<ul><li>La Preparación condicional del futbolista en todas sus edades.</li><li>Tratamiento de las Capacidades Motoras.</li><li>Posibilidades, limitantes, contenidos, propósitos y objetivos de trabajo con diversos grupos etarios. (niños, jóvenes, adultos).</li><li>Desarrollos metodológicos de los diversos fundamentos.</li><li>Análisis sobre temáticas vinculadas a variados y vigentes formatos-recursos para el entrenamiento.</li><li>Trabajo inter-disciplinario.</li></ul>

<p>Introducción #Apeffallegaavos, es el programa de capacitación de la Asociación, que busca poder acercarse a diversas localidades, regiones, ciudades con el fin de lograr desarrollar su plan de formación. A lo largo del tiempo, dentro vuestra casa de estudio, hemos mutado y transformado diversas propuestas, modalidades, alternativas, formatos y alcances para brindar nuestra mejor versión [&hellip;]</p>
