{"id":6,"date":"2020-08-05T01:28:25","date_gmt":"2020-08-05T04:28:25","guid":{"rendered":"http:\/\/wp.apeffa.com\/?page_id=6"},"modified":"2020-08-05T01:28:25","modified_gmt":"2020-08-05T04:28:25","slug":"nuestros-objetivos","status":"publish","type":"page","link":"https:\/\/www.apeffa.com\/?page_id=6","title":{"rendered":"Nuestros objetivos"},"content":{"rendered":"\n<figure class=\"wp-block-image size-large\"><img decoding=\"async\" loading=\"lazy\" width=\"1000\" height=\"345\" src=\"https:\/\/wp.apeffa.com\/wp-content\/uploads\/2020\/08\/grupo_nosotros.e6918ab2.jpg\" alt=\"\" class=\"wp-image-7\" srcset=\"https:\/\/www.apeffa.com\/wp-content\/uploads\/2020\/08\/grupo_nosotros.e6918ab2.jpg 1000w, https:\/\/www.apeffa.com\/wp-content\/uploads\/2020\/08\/grupo_nosotros.e6918ab2-600x207.jpg 600w, https:\/\/www.apeffa.com\/wp-content\/uploads\/2020\/08\/grupo_nosotros.e6918ab2-300x104.jpg 300w, https:\/\/www.apeffa.com\/wp-content\/uploads\/2020\/08\/grupo_nosotros.e6918ab2-768x265.jpg 768w\" sizes=\"(max-width: 1000px) 100vw, 1000px\" \/><\/figure>\n\n\n\n<h2>Objetivo general<\/h2>\n\n\n\n<div class=\"wp-block-media-text alignwide has-media-on-the-right is-stacked-on-mobile\" style=\"grid-template-columns:auto 34%\"><figure class=\"wp-block-media-text__media\"><img decoding=\"async\" loading=\"lazy\" width=\"300\" height=\"180\" src=\"https:\/\/wp.apeffa.com\/wp-content\/uploads\/2020\/08\/objetivogral_thumb.2c9c2b0b.jpg\" alt=\"\" class=\"wp-image-8\"\/><\/figure><div class=\"wp-block-media-text__content\">\n<p>Promover, propiciar y gestionar la integraci\u00f3n con el encuentro entre Profesores de Educaci\u00f3n F\u00edsica vinculados al trabajo en el f\u00fatbol con el objeto de abordar y encontrar soluciones a tem\u00e1ticas y problem\u00e1ticas relacionadas con su \u00e1mbito profesional.<\/p>\n<\/div><\/div>\n\n\n\n<h2>Objetivos espec\u00edficos<\/h2>\n\n\n\n<div class=\"wp-block-media-text alignwide has-media-on-the-right is-stacked-on-mobile\" style=\"grid-template-columns:auto 35%\"><figure class=\"wp-block-media-text__media\"><img decoding=\"async\" loading=\"lazy\" width=\"300\" height=\"300\" src=\"https:\/\/wp.apeffa.com\/wp-content\/uploads\/2020\/08\/objetivos_img2_thumb.50f571d6.jpg\" alt=\"\" class=\"wp-image-9\" srcset=\"https:\/\/www.apeffa.com\/wp-content\/uploads\/2020\/08\/objetivos_img2_thumb.50f571d6.jpg 300w, https:\/\/www.apeffa.com\/wp-content\/uploads\/2020\/08\/objetivos_img2_thumb.50f571d6-100x100.jpg 100w, https:\/\/www.apeffa.com\/wp-content\/uploads\/2020\/08\/objetivos_img2_thumb.50f571d6-150x150.jpg 150w\" sizes=\"(max-width: 300px) 100vw, 300px\" \/><\/figure><div class=\"wp-block-media-text__content\">\n<p>Nuclear a los Profesores de Educaci\u00f3n F\u00edsica que desempe\u00f1an y\/o desean desempe\u00f1ar su actividad como Preparadores F\u00edsicos de f\u00fatbol, en todos sus niveles de evoluci\u00f3n (formaci\u00f3n, desarrollo, alto rendimiento y recreativo) ya sea en sus modalidades masculino y femenino, con la intenci\u00f3n de generar espacios de interacci\u00f3n, debate, discusiones, formaci\u00f3n, capacitaci\u00f3n y perfeccionamiento profesional.\n\nSupervisar, controlar y hacer cumplir, los deberes y derechos del profesional abocado a la actividad en relaci\u00f3n a las instituciones y\/o entidades contratantes de su servicio.\n\nFomentar y facilitar espacios diversos de formaci\u00f3n, actualizaci\u00f3n y perfeccionamiento acad\u00e9mico-profesional-docente a trav\u00e9s del montaje y organizaci\u00f3n de diversas modalidades y formatos de capacitaci\u00f3n.\n\nGenerar, a trav\u00e9s de sus acciones, recursos y opciones genuinas que permitan desarrollar, potenciar y expandir las actividades propuestas y planteadas por la instituci\u00f3n y el asociado.<\/p>\n<\/div><\/div>\n","protected":false},"excerpt":{"rendered":"<p>Objetivo general Promover, propiciar y gestionar la integraci\u00f3n con el encuentro entre Profesores de Educaci\u00f3n F\u00edsica vinculados al trabajo en el f\u00fatbol con el objeto de abordar y encontrar soluciones a tem\u00e1ticas y problem\u00e1ticas relacionadas con su \u00e1mbito profesional. Objetivos espec\u00edficos Nuclear a los Profesores de Educaci\u00f3n F\u00edsica que desempe\u00f1an y\/o desean desempe\u00f1ar su actividad [&hellip;]<\/p>\n","protected":false},"author":1,"featured_media":0,"parent":0,"menu_order":0,"comment_status":"closed","ping_status":"closed","template":"","meta":[],"acf":[],"_links":{"self":[{"href":"https:\/\/www.apeffa.com\/index.php?rest_route=\/wp\/v2\/pages\/6"}],"collection":[{"href":"https:\/\/www.apeffa.com\/index.php?rest_route=\/wp\/v2\/pages"}],"about":[{"href":"https:\/\/www.apeffa.com\/index.php?rest_route=\/wp\/v2\/types\/page"}],"author":[{"embeddable":true,"href":"https:\/\/www.apeffa.com\/index.php?rest_route=\/wp\/v2\/users\/1"}],"replies":[{"embeddable":true,"href":"https:\/\/www.apeffa.com\/index.php?rest_route=%2Fwp%2Fv2%2Fcomments&post=6"}],"version-history":[{"count":0,"href":"https:\/\/www.apeffa.com\/index.php?rest_route=\/wp\/v2\/pages\/6\/revisions"}],"wp:attachment":[{"href":"https:\/\/www.apeffa.com\/index.php?rest_route=%2Fwp%2Fv2%2Fmedia&parent=6"}],"curies":[{"name":"wp","href":"https:\/\/api.w.org\/{rel}","templated":true}]}}

<figure class="wp-block-image size-large"><img decoding="async" loading="lazy" width="1000" height="345" src="https://wp.apeffa.com/wp-content/uploads/2020/08/grupo_nosotros.e6918ab2.jpg" alt="" class="wp-image-7" srcset="https://www.apeffa.com/wp-content/uploads/2020/08/grupo_nosotros.e6918ab2.jpg 1000w, https://www.apeffa.com/wp-content/uploads/2020/08/grupo_nosotros.e6918ab2-600x207.jpg 600w, https://www.apeffa.com/wp-content/uploads/2020/08/grupo_nosotros.e6918ab2-300x104.jpg 300w, https://www.apeffa.com/wp-content/uploads/2020/08/grupo_nosotros.e6918ab2-768x265.jpg 768w" sizes="(max-width: 1000px) 100vw, 1000px" /></figure>



<h2>Objetivo general</h2>



<div class="wp-block-media-text alignwide has-media-on-the-right is-stacked-on-mobile" style="grid-template-columns:auto 34%"><figure class="wp-block-media-text__media"><img decoding="async" loading="lazy" width="300" height="180" src="https://wp.apeffa.com/wp-content/uploads/2020/08/objetivogral_thumb.2c9c2b0b.jpg" alt="" class="wp-image-8"/></figure><div class="wp-block-media-text__content">
<p>Promover, propiciar y gestionar la integración con el encuentro entre Profesores de Educación Física vinculados al trabajo en el fútbol con el objeto de abordar y encontrar soluciones a temáticas y problemáticas relacionadas con su ámbito profesional.</p>
</div></div>



<h2>Objetivos específicos</h2>



<div class="wp-block-media-text alignwide has-media-on-the-right is-stacked-on-mobile" style="grid-template-columns:auto 35%"><figure class="wp-block-media-text__media"><img decoding="async" loading="lazy" width="300" height="300" src="https://wp.apeffa.com/wp-content/uploads/2020/08/objetivos_img2_thumb.50f571d6.jpg" alt="" class="wp-image-9" srcset="https://www.apeffa.com/wp-content/uploads/2020/08/objetivos_img2_thumb.50f571d6.jpg 300w, https://www.apeffa.com/wp-content/uploads/2020/08/objetivos_img2_thumb.50f571d6-100x100.jpg 100w, https://www.apeffa.com/wp-content/uploads/2020/08/objetivos_img2_thumb.50f571d6-150x150.jpg 150w" sizes="(max-width: 300px) 100vw, 300px" /></figure><div class="wp-block-media-text__content">
<p>Nuclear a los Profesores de Educación Física que desempeñan y/o desean desempeñar su actividad como Preparadores Físicos de fútbol, en todos sus niveles de evolución (formación, desarrollo, alto rendimiento y recreativo) ya sea en sus modalidades masculino y femenino, con la intención de generar espacios de interacción, debate, discusiones, formación, capacitación y perfeccionamiento profesional.

Supervisar, controlar y hacer cumplir, los deberes y derechos del profesional abocado a la actividad en relación a las instituciones y/o entidades contratantes de su servicio.

Fomentar y facilitar espacios diversos de formación, actualización y perfeccionamiento académico-profesional-docente a través del montaje y organización de diversas modalidades y formatos de capacitación.

Generar, a través de sus acciones, recursos y opciones genuinas que permitan desarrollar, potenciar y expandir las actividades propuestas y planteadas por la institución y el asociado.</p>
</div></div>

<p>Objetivo general Promover, propiciar y gestionar la integración con el encuentro entre Profesores de Educación Física vinculados al trabajo en el fútbol con el objeto de abordar y encontrar soluciones a temáticas y problemáticas relacionadas con su ámbito profesional. Objetivos específicos Nuclear a los Profesores de Educación Física que desempeñan y/o desean desempeñar su actividad [&hellip;]</p>
